 -18.
-32
What is -25 - (-68 - -80) - -39?
2
47 + 1 + 3 + -13 + 24 + (-7 - 0)
55
Evaluate -162 + -81 - -340 - (0 + -2 + 6).
93
206 + -184 - (-3 - 3)
28
What is (4 - -34) + -71 + 48?
15
Calculate 17 + (-58 - -18) + 15.
-8
Calculate 50 - 37 - (1 + 41 + 0 - -7).
-36
Calculate 43 + (-1 - (2 - 3) - ((-56 - -102) + -56)).
53
What is the value of (-5 + 5 + 17 - 4) + (50 - (65 - 41))?
39
Calculate 11 - (44 + -105 + 34).
38
What is the value of (48 - 8) + (208 - 77 - 63)?
108
Evaluate -19 - (2 + -12 + 17 + -17).
-9
What is (4 - ((-10 - -11) + -2)) + (-50 - -143)?
98
Calculate 11 + ((-63 - -22) + (0 - -1) - 15).
-44
What is (-4 + 10 + -39 - 16) + -7 + -3?
-59
What is (-155 - -163 - (-15 - -1)) + 9?
31
Evaluate 1 + -1 - -81 - (-8682 - -8715).
48
What is -1 + 37 + -44 - (-2 + 11 + 76)?
-93
Evaluate (38 - 12 - 15) + 60.
71
Calculate 75 - 180 - -53 - -95.
43
(17 - 75) + 39 - -3
-16
What is (117 - 100 - 21) + (0 - -33)?
29
Calculate -135 + 249 - (14 + -1 + -3).
104
What is -6 + 0 + (951 - 944)?
1
Evaluate 21 + (27 - (9 - -3) - 23).
13
What is -9 - (44 - (34 + 2) - (24 + -1))?
6
-13 + (59 - 37 - (-3 - -12)) + (46 - 2)
44
What is 54 + 17 + -13 + (16 - 4 - 5)?
65
What is 5 - 16 - 2 - (14 + 4 + 2)?
-33
What is the value of -198 - 3 - (-6012 - -5926)?
-115
What is -66 - 23 - (72 - 129)?
-32
Calculate -43 + (-63 + 13 - -54).
-39
Calculate 87 - 56 - (-1 - -6) - -4.
30
What is 27 + (18 - 29) - (5 + -30)?
41
(11 - -10 - (11 + -2 + -2)) + 50
64
Calculate 5 + -13 + (58 + -7 - 9) + -11.
23
56 + -4 + (-18 - 2)
32
Evaluate (0 - -3) + -64 + (-20 - 51) + 117.
-15
What is (-31 - -20) + -3 - -5 - (-59 + 1)?
49
Evaluate -31 + (39 - (82 + -24)).
-50
What is the value of 39 + 0 + -1 - (287493 - 287461)?
6
What is the value of (49 + -95 - (1 - (-1 + 2))) + -442 + 449?
-39
Evaluate (47 - -3) + -109 + -4.
-63
What is the value of 2 + 57 + (-80 - (-62 - -3))?
38
Calculate (1 - 48) + (373 - (362 + 36)).
-72
-12 + -84 + 103 + -88
-81
What is the value of -5 + (-4 - -12 - (-3 - 11) - 86)?
-69
Evaluate -49 + 0 - (11 - 21).
-39
Evaluate -1 + -40 + (45 - -30).
34
What is -75 + 43 + -99 + 76?
-55
What is -82 + -2 + -164 + 188 - -27?
-33
Calculate -13 - (11 - -2 - 23) - 31.
-34
(110 - 106) + (55 - (-5 + 2)) + -3
59
What is the value of -1 + 7 + (-112 - (-177 - -83))?
-12
(-76 - (-51 + 37)) + 25 + 118
81
-32 - -16 - (-15 + 26 - 1)
-26
What is the value of 3 + 5 + -44 + -6 + -8 + 2?
-48
Evaluate (-458 - -457) + 57 + 4 + -6 + 3.
57
Evaluate 3 + 1 + 13 + (-60 - -54) - -105.
116
What is 90 - (-129 + 92) - 59?
68
Evaluate (0 - -1) + (-7 - (-3 + 8 + -16)) + -39.
-34
What is 4 - 3 - (5 + (119 - 115))?
-8
What is 25 + -6 - (-7 - -32 - 18)?
12
48 + 17 + -107 + 63 - (-1 - 78)
100
What is -5 + 9 - (-39 - (18 - (13 - 2)))?
50
Calculate 47 - (31 + -32 - 1 - (-1 + 5)).
53
What is 41 + (-39 - -4) + 18 + 1 + -2?
23
Evaluate (-116 - -113) + 5 + (2 - -6).
10
What is -28 + (35 - (-51 + 20 + -48))?
86
-15 - 3 - -4 - (-38 - 3 - 14)
41
Evaluate (-1303 - -1306) + (5 + -4 - 13) + 0 + 0.
-9
What is the value of 122 - ((-4 - 0 - (4 - 5)) + (4278 - 4263))?
110
-47 + (-43 - 6 - -39) - (-1 - -2 - -6)
-64
Calculate (19 - (-2 + 9 - 4)) + 0 + -11 + -43.
-38
Calculate 11 - (37 + 0 + (310 - 412)).
76
Evaluate 92 + -80 + (-4 - 0) + (13 - 17 - -9).
13
Calculate 51 + -18 + -9 - (-22 + -1 - -6).
41
What is the value of -5 + 9 + (32 - 10) - (-5 + (-1 - -19))?
13
(113 - (121 - -67)) + (-1 - 9)
-85
Evaluate -45 - -15 - (-1002 - -844).
128
Calculate -24 - (3 + (-22 - -4) + 4 + -3 + 11).
-21
Calculate -19 - (21 + -23) - (7 - 6).
-18
Calculate -141 - (-1463 + 1436 + -6 + -1).
-107
Calculate -162 + 42 - -57 - -23.
-40
Calculate -14 - (-3 - 5 - (-32 - -38)).
0
Evaluate 93 - ((156 - 80) + -58).
75
What is the value of -6 + (42 - (-26 + 26 + -15))?
51
Calculate (-2 - 14) + -1185 + 1274.
73
What is (-108 - -9) + (2 + 6 + 5 - (-1 - -2))?
-87
What is the value of 63 + (-77 - -128) - 52?
62
What is the value of 15 - -7 - (39 + -11) - -27?
21
What is the value of 6 + 32 - ((-84 + 83 - (6 + -1)) + 16)?
28
What is -1513 + 1555 - (-5 + 3 - 17)?
61
Calculate (28 + 0 - (-12 - -29)) + -49.
-38
What is the value of (3 + -33 - -93) + (2 - (8 + -6 - 13))?
76
What is 12 + (4 - (0 + -9 + 27)) + -15?
-17
What is the value of 34 + -22 + 2 - (25 - 68)?
57
Evaluate (-1 + -54 - (-1 + (-10 - -15) + -9)) + 8.
-42
Calculate -1 - -2 - ((9 - (16 - 6)) + 8 - 39).
33
2 + -1 - (866 - 911)
46
What is -28 + -30 + 15 - -26?
-17
Evaluate 6 - (-24 - (21 + -40 + -25)).
-14
What is -2 + (-4 + 0 - (16 - 22 - 0))?
0
What is (1 - 13) + -2 + -6827 + 6810?
-31
98 - (-17 + -49 + 193)
-29
-22 + (-13 - -17) - (10 - (2 + 63))
37
What is the value of -65 + (7 - -39) - 4?
-23
Evaluate 509 + -644 - (-97 - -9).
-47
Evaluate 209 + (33 - -81) + -175.
148
Evaluate (74 - -36) + (36 - 89).
57
7 + -4 - 4 - (-144 + (190 - 59))
12
-63 + (38 + -36 - (-3 - 0)) + 8
-50
What is the value of (-83 - -55) + 18 - -20?
10
-72 + (-72 + 13 - -71)
-60
(14 - (24 + -22)) + -9 + 14
17
Evaluate 3 + -2 + -13 + (1 - -2) + (-11 - -75).
55
Evaluate (-48 - (22 + (22 - 34))) + 12.
-46
Evaluate 95 + (-1 - 0) + (53 - 116 - -52).
83
Evaluate 0 - 7 - (4 + 52 - 61) - (47 - 1).
-48
What is -22 - (-31 + 36 + -48)?
21
What is 6 + 1225 + -1209 + 9 + -2?
29
-9 + (56 + -64 - (-2 - -24)) - -9
-30
What is the value of (-3 - (-23 - -1)) + -355 + 353?
17
Calculate (61 - 47) + 40 - 22.
32
Calculate 87 - ((-79 - -45) + 22 + (1 - 0)).
98
1 - 20 - 20 - 3 - -19
-23
Evaluate -65 + -5 + 5 + -3 + -12 + 37 + -22.
-65
Calculate 22 + -4 + (54 - 27 - -16).
61
Evaluate -9 - (-28 + 2 + -25 + 38).
4
What is -54 - (-25 + 34 + -29)?
-34
Calculate -17 - 36 - (15 + -59).
-9
What is -25 + -24 + 8 + 36?
-5
What is -2 - 6 - (30 - 8) - (19 + -2 - 30)?
-17
Evaluate 3 - (-126 + (-7 + -2 - (-327 + 303))).
114
What is 364 + -247 + -109 - (2 - (0 + -68))?
-62
What is the value of 107 + -98 - (4 - ((10 - -7) + 4))?
26
What is the value of (3 - -2) + (21 - ((-27 - -12) + 23))?
18
-39 + (-23 - 94) + 68
-88
What is -53 + (135 - (40 - -20))?
22
What is (65 - (108 + -59)) + -27?
-11
26 + -164 - (-241 + 39)
64
What is -32 + (54 - -4) + 3?
29
-51 - ((728 - 737) + (-1 - -18))
-59
(-986 - -1010) + (38 - 0 - -1)
63
What is the value of -28 + (-14 + 69 - 22) - (1 - -6)?
-2
39 + -19 + (-1 - (12 - 9)) + 2 + 1
19
Evaluate (-292 - -284) + -18 + (-3 - (-3 + -1)).
-25
Evaluate (-1 - 8) + -43 + 152 + -57 + -55.
-12
16 - (-21 + (2 + 5 - (-39 - -54)))
45
What is -4 - -63 - (0 + 2 - (50 + -57))?
50
Evaluate 39 + 16 + -72 + 45.
28
Evaluate 21 + -7 + (-8 - -4 - -41) + -1 + -4.
46
Calculate (-1 - (-18 + 15)) + 15 + 32 + 10.
59
(1182 - 1270) + 0 + 6 + -33
-115
Calculate -7 + (-65 - (-69 + 13)) + -1 + 75.
58
What is the value of 2078 + -2026 + -125 + -1?
-74
-13 + (173 - 183 - (7 + 6 - 2))
-34
-356 - -355 - (2 + -2 + 1)
-2
(-77 - 3) + -5646 + 5778
52
(82 - 2) + -198 + 150
32
What is 37 + 2 - (24 + -34 - (-5 - (-7 + 19)))?
32
What is -12 + 6 + (-4 + 14 - 3) + 26?
27
What is 19 + 51 + -39 - 4?
27
Calculate -7 + 4 - (89 - 53).
-39
What is 14 - (-59 - -76 - -53)?
-56
Calculate -33 - ((-2 + 16 - 10) + 21).
-58
What is -25 + 11 - ((17 - (-61 + -2)) + 18)?
-112
What is the value of 4 + (0 - 4 - (16 + -12)) + (-30 - -166)?
132
Evaluate -110 + (77 - -24) + -23.
-32
What is the value of 96 - (0 + 48 - (11 - -72))?
131
Evaluate -55 + (84 - 30 - 38) + -8.
-47
What is -3382 + 3359 - (-80 - 0)?
57
What is -9 + 4 + 2 + -45 + 1 + -843 + 844?
-46
What is (7 + -54 - -68) + (1 - 8)?
14
Evaluate -8 + -17 + -7 - -20 - -11.
-1
Evaluate 65 - 116 - (-8 + -1).
-42
28 - (95 + 5 - 3)
-69
Evaluate (-7 - -8) + 0 + 34 + -7 + -6.
22
Calculate 13 - (-55 - (2 - 33)) - -37.
74
Calculate (-97 - -122) + (33 - (-14 + 25)).
47
What is 4 - ((-126 + 83 - (-3 + 2 + 4)) + 9)?
41
Evaluate 4 + -57 + 17 + 1 + (-22 - -6).
-51
Evaluate -3 + 1 + -18 + 70 + -45 - (-48 + 2).
51
(23 - -6) + -21 + -5 - -29
32
What is (-167 - -149) + (12 - 1 - 3) + -5 + 72?
57
What is the value of 23 - -5 - (14 + 60 - 99)?
53
Calculate 715 + -702 - (17 + 1).
-5
Evaluate 60 + (-28 - -25) - 165.
-108
Calculate 68 - 59 - (45 + 1) - (-42 - -37).
-32
Calculate 11 - -4 - (28 + -50 + 42).
-5
What is (-3158 - -3154) + (-8 - -4 - (1 - 1))?
-8
Evaluate (61 - 69) + -96 + 55 - (-2 + 16 + -1).
-62
What is the value of (8 - 4 - -5) + 0 + -44 + -7 + -6?
-48
8 + -